i) = -748*i - 2066. What is the ten thousands digit of g(-48)?
3
What is the hundreds digit of 57/((-1026)/(-159672))*(-9)/(-4)?
9
Suppose -5*u + 123 = -x + 25, -x - 22 = -u. Suppose u*d + 2*d - 2625 = 0. What is the tens digit of d?
2
Let i(z) = -85*z - 83. Let y(f) = 42*f + 41. Let s be 12/(-2) + 0 - (-59 + 59). Let m(x) = s*i(x) - 13*y(x). What is the units digit of m(-5)?
5
Let t(g) = g**2 + 27*g + 39. Let s be t(-27). Let z(i) = -i**3 + 39*i**2 + 15*i + 14. What is the tens digit of z(s)?
9
Suppose 5*a - 35285 = 4*x, -19*a - 21171 = -22*a - x. What is the units digit of a?
7
Suppose -6301*y + 6387*y = 2318818. What is the tens digit of y?
6
What is the hundreds digit of (10/(-30)*69)/(((-8)/(-3004))/(-2))?
2
Let j(t) = 600*t - 124. What is the units digit of j(9)?
6
Suppose -4*s - 106 = 2*w, -5*w - s - 42 = 259. Let n = w - -71. Let l = n + 2. What is the tens digit of l?
1
Let f(g) = -2*g + 24. Let i be f(5). What is the hundreds digit of (12/i)/((-25)/(-27650))?
9
Suppose a - 3*d - 20788 - 17442 = 0, a + 4*d = 38195. What is the hundreds digit of a?
2
Suppose -2*k - 4*g = -34336, 19*k + 17162 = 20*k + g. What is the units digit of k?
6
Let p(w) = -w**3 - 8*w**2 + w + 3. Suppose 2*t = 2*b + 10, 5*t = -5*b + 4*t - 43. Let d be p(b). Let l = d + 25. What is the tens digit of l?
2
Suppose -3*q - 11 + 14 = 0. Let j be (-825)/(-7) + -1 - q/(-7). Suppose 0 = -3*h + 4*h - j. What is the units digit of h?
7
Suppose 4*k = 8, -k - 4 = -2*y - 0*k. Suppose -4*x = -5*s - 3*x + 1568, -308 = -s + y*x. Let j = s - 218. What is the tens digit of j?
9
Suppose 91*a = 5*c + 94*a - 64013, 0 = -4*a + 24. What is the ten thousands digit of c?
1
Suppose 2*l = -3*n - 65, 0*n + n + 4*l + 15 = 0. Let x = 28 + n. Suppose 14*z - 351 = x*z. What is the tens digit of z?
3
Let m = 17082 + -3952. What is the ten thousands digit of m?
1
Let i be (217/(-35) + 5)*130/(-6). Suppose -i*t + 27592 = -3010. What is the hundreds digit of t?
1
Suppose 0 = -12*o + 143 - 23. Suppose 2204 = o*m + 544. Suppose 0*f = -2*f + m. What is the units digit of f?
3
Suppose -3*y = 3*y. Suppose 0*v - 352 = -5*o + 3*v, y = -2*o + 5*v + 137. What is the tens digit of (o - -4) + -1*1*-2?
7
Let l(x) = 38*x - 74. Let i be l(-11). Let k = i + 781. What is the hundreds digit of k?
2
Let d(s) be the first derivative of -s**4/4 - s**3/3 + 9*s**2/2 - 18*s - 69. What is the hundreds digit of d(-6)?
1
What is the thousands digit of (-2)/(-4) - (98408/4)/((-24)/18)?
8
Let g(f) = 15*f**3 - 24*f**2 - 8*f + 122. What is the units digit of g(9)?
1
Suppose 5*n + 155 - 1825 = 0. Suppose 14 = 5*v + 5*a + 9, -a - 4 = 0. Suppose v*z = 3*z + n. What is the tens digit of z?
6
Suppose 4*y + 28 = 11*y. Suppose -y*o - 5 = 6*z - 9*z, 0 = -2*o + 4*z. What is the tens digit of (o - 94)*21/(-28)?
7
Let j = -396 - -406. Let t(n) = 3*n**3 - 9*n**2 + 4*n - 4. Let k(s) = s**3 + s**2 - s + 1. Let d(y) = 2*k(y) - t(y). What is the tens digit of d(j)?
4
Let l = 154162 + -78266. What is the ten thousands digit of l?
7
Let v(k) = 2886*k**2 + 20*k + 1. Let o be v(9). What is the tens digit of (-2)/13 + o/247?
4
Suppose 802*m - 753*m - 694085 = 0. What is the hundreds digit of m?
1
Let k be (-9)/(-15) + -537*(-2)/(-15). Let s = 29 + k. Let w = 87 + s. What is the tens digit of w?
4
Suppose 3*y - 114 = -0*y. Suppose y - 263 = -5*p. What is the hundreds digit of 5455/p + 8/(-36)?
1
Let o(x) = -918*x + 223. Let w be o(-4). Suppose 0 = 4*z, 9*s - 2*z + w = 14*s. What is the units digit of s?
9
Let j be 14/(-42) - 4/6. Let v(d) = -420*d + 4. What is the hundreds digit of v(j)?
4
Let l be (12/(-15))/((-5)/(-150)). Let y(w) = 2*w**2 - 3*w + 15. Let z be y(5). Let i = z - l. What is the tens digit of i?
7
Let g(o) = -4*o + 49. Let b be g(5). What is the hundreds digit of b/(-6 - 85/(-14))?
4
Let i(n) = -7*n**3 - 125*n**2 - 36*n + 17. What is the units digit of i(-19)?
9
Suppose 0*b + 4 = 2*b. Suppose -3545*q + 3586*q + 2706 = 0. What is the tens digit of b/11 - -1*(-10548)/q?
6
Suppose 55192*q = 55175*q + 1062245. What is the hundreds digit of q?
4
What is the tens digit of (11/(-13) - -1) + (-678432)/(-78) + 0?
9
Let k(r) = -4 - 49*r**2 + r**3 + 97*r**2 - 38*r**2 - 3*r - 2*r**3. Suppose 4*h + 3*o = 18, 5*o = 4*h + o - 32. What is the tens digit of k(h)?
2
Suppose 5*j + 20 = 0, y + 2*j + 2513 = 3*j. Let i be 4 + y/(-9) - (-8)/6. Suppose i = 5*z + 4*d, 3*z - 5*d - 110 = 98. What is the tens digit of z?
6
Let q = -947 - -2100. Let b = 1795 - q. What is the hundreds digit of b?
6
Let y = 708 + 408. Let x = 2341 - y. What is the hundreds digit of x?
2
Suppose i = -11 + 22. Suppose 4950 - 1122 = i*w. What is the tens digit of w?
4
Let z(c) = -c**2 + 4*c + 89. Let t be z(11). What is the hundreds digit of 690 - (3 + 2 - (20 - t))?
6
Suppose 0*h - 5*h = 295. Let v = -50 - h. Suppose 0 = 16*c - v*c - 1225. What is the hundreds digit of c?
1
Let a = -12695 - -27273. Suppose 9*o + 28*o = a. What is the units digit of o?
4
Suppose 3*j = 3*m - 60, -2*j - 79 = -4*m + j. Let z = m - 22. What is the hundreds digit of -3 - (z + -16*8)?
1
Suppose 76*l - 2563200 = -24*l. What is the thousands digit of l?
5
Suppose 0 = 18*q + 4*q - 47366. Let p = q - 1297. What is the tens digit of p?
5
Let r(k) = 45*k**2 + 189*k - 510. What is the tens digit of r(-21)?
6
Let m(q) = q + 859. Let w(r) = 4*r + 2577. Let a(d) = 7*m(d) - 2*w(d). What is the units digit of a(0)?
9
Let q(v) = -3*v**3 - 3*v**2 - 6*v - 38. Let j be q(-9). What is the tens digit of 4 - 3*j/(-12)?
9
Suppose 321 = 2*p - p. Let j be ((-504)/45 + 11)/(2/(-20)). What is the hundreds digit of (p*j)/(-3)*7/(-14)?
1
Suppose -496*l + 500*l - 15288 = 0. What is the units digit of l?
2
What is the tens digit of -45 + 15152 + (-3 + -3 - 0)?
0
Let i = -62 - -61. What is the hundreds digit of (112 - (-5 - -5)) + 5 + i?
1
Let x = -11 + 12. What is the tens digit of (15 - 17) + (x/(-1) - -70)?
6
What is the ten thousands digit of 42886 + -21 + 30 - -25?
4
Let j = 197 - 130. Let x be 3 + (-13)/(13/2) - 23. Let y = j - x. What is the units digit of y?
9
Suppose -4*k = -20, -2*c - k = 3*c - 1055. Let z = 7 - 2. Suppose -2*v = -z*v + c. What is the units digit of v?
0
Let f(k) = 5*k**2 + 4*k + 21. Let j(s) = -3*s**2 - 5*s - 21. Let u(p) = 3*f(p) + 4*j(p). What is the tens digit of u(-5)?
9
Let r(m) = 137813 + 3*m**3 - 2*m - m**3 - 7*m**2 - 137822. Suppose 2*h + 24 = 6*h. What is the tens digit of r(h)?
5
Let d(g) = 320*g + 120. What is the units digit of d(20)?
0
Let m(l) = 32*l**3 - 16*l**2 + 17*l - 54. What is the units digit of m(6)?
4
Let m(b) = 43*b + 117. Let h(v) = 1248*v + 3393. Let d(g) = 4*h(g) - 117*m(g). What is the tens digit of d(-10)?
7
Let j = -34 - -36. Suppose 2*p + 3*y + 2*y - 30 = 0, 0 = 2*p + j*y - 18. Suppose 0*o - p*o + 310 = 0. What is the units digit of o?
2
Suppose 2*c - 11858 = 3*f + 1358, -3*c = 5*f - 19843. What is the tens digit of c?
1
Let t(a) = -2293*a - 4298. What is the units digit of t(-8)?
6
What is the tens digit of (73520/6 - 5) + -6 + 60/9?
4
Let m be (-8)/3*(-12)/16. What is the tens digit of 170 - -15 - m*-3?
9
Suppose -42*r = 37*r - 866156. What is the ten thousands digit of r?
1
Let y be (3/1)/((-29751)/2976 + 10). Let q = y + -617. What is the tens digit of q?
7
Let b be ((-22)/(-4) + -4)/(1/(-626)). Let h = b + 1345. What is the tens digit of h?
0
Suppose 4084066 = 143*v - 16*v. What is the thousands digit of v?
2
Let c(h) = -h**3 - 28*h**2 - 112*h - 45. What is the units digit of c(-36)?
5
Let a(m) = -17*m - 31 + 9 - 2. What is the tens digit of a(-4)?
4
Let o(p) = 3*p**2 + 24*p + 23. Let t be o(-7). Suppose t*n - 19*n = -4845. What is the tens digit of n?
8
Let y(j) = j**3 + 60*j**2 - 44*j + 322. What is the thousands digit of y(-35)?
2
Suppose 4*s = -l + 20441, 234*l - 236*l = 2*s - 40852. What is the thousands digit of l?
0
Let g(a) = -178*a - 153. Let o(m) = 59*m + 51. Let z(u) = 2*g(u) + 7*o(u). What is the units digit of z(16)?
3
Let c be ((-28)/12)/(1/21). Let g = c - 14. Let x = g - -124. What is the tens digit of x?
6
Let s = 64 + -60. Suppose -j = 0, -x + 971 = -s*j - 0*j. What is the tens digit of x?
7
Let p be (494/4 + 4)*(-20)/6. What is the units digit of (-4)/(-34) + (-47125)/p?
1
Let k(c) = -4*c**2 + 17*c + 115. Let w(g) = 5*g**2 - 17*g - 114. Let j(f) = 5